5*s - 237. What are the prime factors of s?
79
Let q(m) = -m - 4. Let d be q(-6). Suppose 0 = d*j + 3*j + 4*t - 57, -4*t + 30 = 2*j. What are the prime factors of j?
3
Suppose q - 5*q + 2*p - 16 = 0, 0 = 2*q + 3*p + 16. Let a be q/((0 + -1)*1). Suppose -7 = -f + a. What are the prime factors of f?
2, 3
Suppose 8 = 4*d, -4*f = -0*d + 2*d - 2004. Suppose -2*g - 3*g = f. What are the prime factors of g/(-8) - 1/2?
2, 3
Let f = 3 - -10. List the prime factors of f.
13
Let d(k) be the first derivative of 14*k - 1 - 11/2*k**2 - 1/3*k**3. What are the prime factors of d(-12)?
2
Let u = -4 - 0. Let k(c) = -11*c - 3. List the prime factors of k(u).
41
Let o(k) = -10*k + 9. What are the prime factors of o(-4)?
7
Let o = 6 + -6. Let k = 4 - o. What are the prime factors of k?
2
Suppose 11*w - 545 + 204 = 0. List the prime factors of w.
31
What are the prime factors of 2200/65 + 6/39?
2, 17
Let m = 2 + 1. Let p be 3*(-2 - 38/(-3)). Suppose -m*n + 3 = 3*r, -3*n - 1 + p = -4*r. List the prime factors of n.
5
Let l(s) = s + 24. Let d be l(-14). Suppose -d*n = -12*n + 42. What are the prime factors of n?
3, 7
Suppose 2*q - 30 = -2*x, -3*x + 5*q - 4 + 65 = 0. What are the prime factors of x?
17
Let h be 1*(-3)/(-3) + 4. Suppose 0*d + 20 = h*d. Suppose 5 = -d*j + 5*x, 4*j + 2*x = -x + 35. List the prime factors of j.
5
Suppose -4*z + 2*g = -102, 2*z - 4*z - 4*g = -36. What are the prime factors of z?
2, 3
Let z = -35 + 42. List the prime factors of z.
7
Suppose 4*d - 2*o + 2 = 8, 2*d = -3*o + 15. Suppose d*y + 9 = 0, 2*y + 5 = l - 0. List the prime factors of l - (1 + -1 + -7).
2, 3
Let u = -95 + 180. What are the prime factors of u?
5, 17
Let i = -5 + 9. Suppose -2*x = -i*x - 88. Let j = -24 - x. What are the prime factors of j?
2, 5
Let g = -27 + 39. What are the prime factors of g?
2, 3
Let q = 7 - -23. Let p = 42 - q. List the prime factors of p.
2, 3
Let g(q) = q**3 - q**2 + 7. Let u be g(0). Let r = -37 + u. List the prime factors of -1 - 3/(9/r).
3
Let k be (14/3)/(8/12). Let w(c) = c**2 - 3*c - 15. What are the prime factors of w(k)?
13
Suppose -2 = 2*a - 4. Let z be 4*(0 + a + 6). Suppose -5*t + 5 = 0, -z = -3*l - 2*l - 3*t. List the prime factors of l.
5
Let u(w) be the third derivative of w**4/24 + w**3/2 + w**2. Let l be u(0). What are the prime factors of 10/(l - 1) + -3?
2
Let k = 32 - 10. Suppose -3*h + h + 3*i + 21 = 0, k = 2*h - 2*i. List the prime factors of h.
2, 3
What are the prime factors of 1668/21 + 16/28?
2, 5
Let d(l) = l**2 - 6*l - 10. Let h be d(7). What are the prime factors of h/(-3 - (-28)/10)?
3, 5
Let j be (8/(-6))/((-2)/(-6)). Let z be (4/2)/(j/(-82)). Suppose -3*s - 8 = -z. List the prime factors of s.
11
Suppose -1371 = -4*n + 5*x, 0*n - x = -n + 344. List the prime factors of n.
349
Let l(z) = -z. Let h be l(-8). Suppose 0*p + h = p. Suppose 4*q + 4*w - 2 - 2 = 0, 2*w = -p. What are the prime factors of q?
5
Let p = -59 - -82. Let m = p - 3. List the prime factors of m.
2, 5
Suppose -4*q - 3*g = -244, 0*q + 5*g = 4*q - 276. What are the prime factors of q?
2
Let a(r) = r**3 + 7*r**2 + 4*r + 2. Let d be a(-6). Suppose 3*s + d = 3*g + 50, -4*g - 16 = -2*s. List the prime factors of s.
2
Suppose -5*f + 18 = f. What are the prime factors of f?
3
List the prime factors of (-35)/(2 + 3)*-7.
7
Suppose -4*r - 5*t = -226, r - 3*t + 8*t - 49 = 0. What are the prime factors of r?
59
Suppose -5*f + 723 = q, -7*q + 2*q + 425 = 3*f. List the prime factors of f.
5, 29
Let v be ((-2)/(-4))/((-3)/(-12)). Suppose -162 = -5*c + t, 0 = 3*c - v*t - 2*t - 104. Suppose 0*s - 4*s = -c. What are the prime factors of s?
2
Let u = 0 + 5. Suppose 4*q - 16 = 0, -4*h + 42 - 6 = -u*q. What are the prime factors of 3/9 - h/(-3)?
5
List the prime factors of -2 + 4 + -2 + 67.
67
Let h(z) = -z**3 - 6*z**2 - z + 6. Let v be h(-6). Let j = 25 - 23. What are the prime factors of v - j/(-4)*-6?
3
Suppose -5*l + 61 = 1. List the prime factors of l + (2/2)/1.
13
Let r = -15 - -10. What are the prime factors of (1 - -3)*(6 - r)?
2, 11
Suppose 6*b = b + 215. Suppose 4*j - b = -11. What are the prime factors of j?
2
Let u(m) = 13*m - 14. List the prime factors of u(20).
2, 3, 41
Suppose -2*j + 5*x - 12 = -47, -5*j + 35 = -2*x. Suppose -5*y - h = -72, h = -j*y - 3*h + 78. List the prime factors of y.
2, 7
Let l = -626 - -897. List the prime factors of l.
271
Suppose s - 3*s - 6 = 0. Let y(k) = 2*k - 2. Let g be y(s). List the prime factors of 0*(-2)/(-4) - g.
2
What are the prime factors of (-14)/(-3) + 1/3?
5
Suppose -18*r = -13*r - 210. What are the prime factors of r?
2, 3, 7
Suppose 4 = -5*q + 3*j, 6*j - j = -5*q + 20. Let c = 5 + q. What are the prime factors of c?
2, 3
Let b be (-10 + 1)/(1 + 0). Let r be (3/b*-3)/1. Let f(k) = 12*k**2 - k. List the prime factors of f(r).
11
Suppose 3*t + c = 12 - 37, 0 = -2*t - 2*c - 18. Let a be ((-8)/(-6))/(t/60). What are the prime factors of (-98)/a - (-3)/15?
2, 5
Let f = 10 - 2. Suppose 53 - 17 = 2*m - n, -3*m = -n - 56. Let u = m - f. List the prime factors of u.
2, 3
Suppose -185 = -4*w - d, -4*w + 3*d + 216 = 51. What are the prime factors of w?
3, 5
Let m = -78 - -13. List the prime factors of 156/m*(-10)/4.
2, 3
Let v(y) = -y**3 + 2. Let c = -6 - -4. Let s be v(c). List the prime factors of 6/15 - (-186)/s.
19
Let h(o) = -o**3 + 8*o**2 + 24*o - 9. List the prime factors of h(10).
31
Let t be 0 + -1 + 1 - 1. Let d = 1 - t. List the prime factors of d.
2
Suppose 0 = -2*c - a + 46, -3*c - 3*a + 76 = 2*a. List the prime factors of c.
2, 11
Let h(p) = 2*p**2 - 17*p - 23. What are the prime factors of h(13)?
2, 47
Let b = 49 + -35. Let w = -10 + b. List the prime factors of w.
2
Suppose 0 = -j + c + 31, j + 2*j - 5*c = 91. What are the prime factors of j?
2
Let u be 6/(-9) - 1/3. Let n be 3*u/3*-2. Suppose 22 = 2*b - n*p, -5*b = 4*p - 27 - 10. List the prime factors of b.
3
Suppose 3*o - 4*p = 73, 2*o - 84 = -2*o + 2*p. Let c be 1 - (-2)/(1*-2). Suppose j = o - c. What are the prime factors of j?
19
Let v(o) = 2 - 1 - o**2 - 11*o**3 + 3*o - 2*o. Let w be (-2)/(-10) - 12/10. List the prime factors of v(w).
2, 5
Let n be 1/1 - -7 - 3. Suppose -5*t + 96 = -3*x, 92 = n*t + x - 16. What are the prime factors of t?
3, 7
Let x(h) = 2*h - 10. What are the prime factors of x(18)?
2, 13
Let a(p) = p**2 - p - 1. What are the prime factors of a(-3)?
11
Let b = -75 + 246. Suppose b + 45 = 4*l. List the prime factors of 4/(-6)*l/(-4).
3
Let z = -15 + 39. List the prime factors of z.
2, 3
Let v(f) = -f**2 + 19*f + 33. List the prime factors of v(17).
67
Let b(n) = 5*n**2 + 3*n + 1. Let a be (-1)/(3 + 15/(-6)). What are the prime factors of b(a)?
3, 5
Suppose -5*l = 5*z - 10, -5*z + 0*z = -3*l + 22. Let i(a) = 3*a - 4. What are the prime factors of i(l)?
2
Let z = 36 - 7. List the prime factors of z.
29
Suppose h - 106 = -3*z + 20, 10 = -2*z. List the prime factors of h.
3, 47
Let x = -92 + 164. What are the prime factors of x?
2, 3
Let m(f) = -f**3 - f**2 + f + 20. Let v be m(0). Suppose -3*y + 1 = -v. List the prime factors of y.
7
Let f(c) = 6*c**3 - 3*c**2 - 5*c - 6. Let p(n) = -5*n**3 + 2*n**2 + 5*n + 5. Let i(y) = 4*f(y) + 5*p(y). List the prime factors of i(-4).
13
Let y(r) = r**3 - 19*r**2 + 18*r + 3. Let i be y(18). Suppose i*t + 0*t + 4*c = 39, 4*t = 5*c + 83. What are the prime factors of t?
17
Suppose 4*j = 6*j - 14. Suppose j*b - 3*b = 116. What are the prime factors of b?
29
Suppose 6*o - 3*o - 90 = 3*p, 0 = o + 2*p - 33. List the prime factors of o.
31
Let i = 1 + 2. What are the prime factors of i?
3
Let w be (1 + 0)/(1/3). Suppose 0*u - 12 = -w*u. List the prime factors of u.
2
What are the prime factors of 283/4 + 1 + 3/(-4)?
71
Let v = 3 - 3. Suppose -2*a = -v*a - 26. What are the prime factors of a?
13
Let o(i) = -203*i - 10. What are the prime factors of o(-1)?
193
List the prime factors of (-1131)/(-6) - (-5)/10.
3, 7
Let d = 96 + -50. List the prime factors of d.
2, 23
Let h = 89 + 2. List the prime factors of h.
7, 13
What are the prime factors of ((-117)/(-15))/((27/(-165))/(-9))?
3, 11, 13
Let w = 0 + 12. Let k = 28 - 28. Suppose 4*g - g - w = k. List the prime factors of g.
2
Suppose 3*z = -3*k + 123, 0*k - 41 = -k - 5*z. Suppose -5*s + k = -34. List the prime factors of s.
3, 5
Suppose -56 = -4*z + 4*w, -2*